{"id":2,"date":"2023-10-01T15:36:56","date_gmt":"2023-10-01T15:36:56","guid":{"rendered":"https:\/\/frohsinn-weinfelden.ch\/?page_id=2"},"modified":"2023-10-01T16:17:59","modified_gmt":"2023-10-01T16:17:59","slug":"sample-page","status":"publish","type":"page","link":"https:\/\/frohsinn-weinfelden.ch\/","title":{"rendered":""},"content":{"rendered":"\n<p>Die Liegenschaft &#8211; Wilerstrasse 12 &#8211; wurde 2021 an Pro Natura verkauft. Die Genossenschaft Frohsinn wird liquidiert. Bei Fragen wenden Sie sich bitte an den Vorstand:\u00a0<a href=\"mailto:admin@frohsinn-weinfelden.ch\">admin@frohsinn-weinfelden.ch<\/a><\/p>\n\n\n\n<p>F\u00fcr Mieteanfragen bez\u00fcglich der Sitzungsr\u00e4ume wenden Sie sich bitte direkt an Pro Natura:<\/p>\n\n\n\n<p><a href=\"mailto:buero-tg@pronatura.ch\">buero-tg@pronatura.ch<\/a>\u00a0\/ 071 422 48 23<\/p>\n\n\n\n<figure class=\"wp-block-image size-large is-style-rounded\"><a href=\"https:\/\/frohsinnkultur.ch\" target=\"_blank\" rel=\"noreferrer noopener\"><img loading=\"lazy\" decoding=\"async\" width=\"1024\" height=\"180\" src=\"https:\/\/frohsinn-weinfelden.ch\/wp-content\/uploads\/2023\/10\/Frohsinnkultur_Logo_KV-2-1024x180.jpg\" alt=\"\" class=\"wp-image-22\" srcset=\"https:\/\/frohsinn-weinfelden.ch\/wp-content\/uploads\/2023\/10\/Frohsinnkultur_Logo_KV-2-1024x180.jpg 1024w, https:\/\/frohsinn-weinfelden.ch\/wp-content\/uploads\/2023\/10\/Frohsinnkultur_Logo_KV-2-300x53.jpg 300w, https:\/\/frohsinn-weinfelden.ch\/wp-content\/uploads\/2023\/10\/Frohsinnkultur_Logo_KV-2-768x135.jpg 768w, https:\/\/frohsinn-weinfelden.ch\/wp-content\/uploads\/2023\/10\/Frohsinnkultur_Logo_KV-2-1536x270.jpg 1536w, https:\/\/frohsinn-weinfelden.ch\/wp-content\/uploads\/2023\/10\/Frohsinnkultur_Logo_KV-2-1140x201.jpg 1140w, https:\/\/frohsinn-weinfelden.ch\/wp-content\/uploads\/2023\/10\/Frohsinnkultur_Logo_KV-2.jpg 1978w\" sizes=\"auto, (max-width: 1024px) 100vw, 1024px\" \/><\/a><\/figure>\n\n\n\n<p>Der Kulturverein Frohsinn bleibt aktiv. Anmeldung zum Newsletter:\u00a0<a href=\"mailto:kultur@frohsinn-weinfelden.ch\">kultur@frohsinn-weinfelden.ch<\/a><\/p>\n","protected":false},"excerpt":{"rendered":"<p>Die Liegenschaft &#8211; Wilerstrasse 12 &#8211; wurde 2021 an Pro Natura verkauft. Die Genossenschaft Frohsinn wird liquidiert. Bei Fragen wenden Sie sich bitte an den Vorstand:\u00a0admin@frohsinn-weinfelden.ch F\u00fcr Mieteanfragen bez\u00fcglich der Sitzungsr\u00e4ume wenden Sie sich bitte direkt an Pro Natura: buero-tg@pronatura.ch\u00a0\/ 071 422 48 23 Der Kulturverein Frohsinn bleibt aktiv. Anmeldung zum Newsletter:\u00a0kultur@frohsinn-weinfelden.ch<\/p>\n","protected":false},"author":1,"featured_media":0,"parent":0,"menu_order":0,"comment_status":"closed","ping_status":"open","template":"","meta":{"footnotes":""},"class_list":["post-2","page","type-page","status-publish","hentry"],"_links":{"self":[{"href":"https:\/\/frohsinn-weinfelden.ch\/index.php\/wp-json\/wp\/v2\/pages\/2","targetHints":{"allow":["GET"]}}],"collection":[{"href":"https:\/\/frohsinn-weinfelden.ch\/index.php\/wp-json\/wp\/v2\/pages"}],"about":[{"href":"https:\/\/frohsinn-weinfelden.ch\/index.php\/wp-json\/wp\/v2\/types\/page"}],"author":[{"embeddable":true,"href":"https:\/\/frohsinn-weinfelden.ch\/index.php\/wp-json\/wp\/v2\/users\/1"}],"replies":[{"embeddable":true,"href":"https:\/\/frohsinn-weinfelden.ch\/index.php\/wp-json\/wp\/v2\/comments?post=2"}],"version-history":[{"count":5,"href":"https:\/\/frohsinn-weinfelden.ch\/index.php\/wp-json\/wp\/v2\/pages\/2\/revisions"}],"predecessor-version":[{"id":36,"href":"https:\/\/frohsinn-weinfelden.ch\/index.php\/wp-json\/wp\/v2\/pages\/2\/revisions\/36"}],"wp:attachment":[{"href":"https:\/\/frohsinn-weinfelden.ch\/index.php\/wp-json\/wp\/v2\/media?parent=2"}],"curies":[{"name":"wp","href":"https:\/\/api.w.org\/{rel}","templated":true}]}}